101 - 4/3*m**3 + 3*m. Give z(2).
-19
Suppose -f + 4 = 3*f. Suppose 2*b - f = b. Let k(w) = 8*w**3 + 3*w**2 - 2*w + 1. Let n(v) = 2*v**2. Let m(y) = -k(y) + n(y). Calculate m(b).
-8
Let g(x) = -x**2 + 27*x + 40. Let z(k) = -3*k**3 + 109*k**2 + 79*k - 156. Let f be z(37). What is g(f)?
-18
Let m(d) be the third derivative of -d**6/60 - d**5/4 - d**4/3 + d**3/3 + 341*d**2 + 3*d. Calculate m(-7).
9
Suppose -259 = -b + 486. Let z = -748 + b. Let o(i) = i**3 + 4*i + 1. Let l(q) = -2*q**3 - q**2 - 5*q. Let f(y) = -2*l(y) - 3*o(y). Calculate f(z).
-6
Let f = -1 - -4. Let u(x) = 5 + x - f*x + 2 - 4. Give u(-5).
13
Let l(o) be the second derivative of -o**4/24 + 2*o**3/3 - 3*o**2 + 9*o + 3. Let r(c) be the first derivative of l(c). Give r(6).
-2
Let c(t) = 386*t - 32. Let k(j) = 53*j + 2. Let q(g) = c(g) - 8*k(g). Calculate q(-2).
28
Let h(q) = q - 6. Let b be 2*(-16 - 96/(-12)). Determine h(b).
-22
Let v(f) = 491 - 249 - 246 + 3*f + 2*f. Determine v(6).
26
Suppose 6 - 1 = -l. Let m = 2 - -3. Let o(r) = m + 5 - 17 - r. Give o(l).
-2
Let y be ((8/(-7))/4)/((-26)/182). Let c(b) = -2*b**y + 0*b**3 + b**3 - 1144*b - 6 + 1145*b. Calculate c(3).
6
Let k(a) = -a**3 + 7*a**2 + 5. Let n = -3215 - -3220. Determine k(n).
55
Let t(b) = -b - 3. Let k(x) = x. Suppose -8*i = -19 + 3. Let o(u) = i*t(u) + 3*k(u). Suppose 4*c = 2 + 26. Give o(c).
1
Let y(p) = p**2 + 6*p - 16. Let k be y(-8). Suppose -s - 4*x = 4*s - 2, -s + 5*x + 12 = k. Let t(d) = -11 + 13 + d + s. Give t(3).
7
Suppose 7*w - 5*n = 12*w - 25, 4*w - 16 = -2*n. Let s(z) = z - 1. Let x(p) = 5*p + 2. Let m = -3 + 4. Let i(v) = m*x(v) - 2*s(v). What is i(w)?
13
Let g(t) = t - 43. Let x = -26585 - -26605. Calculate g(x).
-23
Let u(v) = -8*v**2 + 153*v - 3. Let q be u(18). Let o(k) = -2 + q*k + 159*k - 320*k. Let g = 4 - 7. Give o(g).
4
Let v(s) = s**3 - 4*s**2 + 23. Let d(f) = -3*f**3 + 7*f**2 - f - 47. Let k(p) = -2*d(p) - 5*v(p). Let i be k(-4). Let m(a) = a**2 - 2*a - 6. Give m(i).
-3
Let q = -828 - -828. Suppose q = -11*o - 19 - 3. Let r(p) = -4 + 3*p**3 - 4*p - 4*p**3 + 2 - 2*p**2. Determine r(o).
6
Let w(g) = 15*g - 8. Let b(p) = -26*p + 19. Let n(h) = -4*b(h) - 7*w(h). Calculate n(11).
-31
Let k(g) be the second derivative of g**2 - 79*g - 5/6*g**3 + 0. Determine k(2).
-8
Let w(y) = y**3 - 8*y**2 + 8*y - 1. Suppose 2*h + 403 = 5*j - 203, 620 = 5*j + 5*h. Suppose 645 = 5*g - 4*b, -129 = 6*g - 7*g - 3*b. Let v = g - j. Give w(v).
6
Let f(d) be the third derivative of d**5/30 + d**4/6 - 2*d**3/3 + 8*d**2 + 160. Give f(-6).
44
Let f = -22 - -24. Suppose 0 = -f*c + 7*c - 4*x - 24, 3*x - 12 = 0. Let r(u) = -c*u + 4 + 7*u - 6. Calculate r(7).
-9
Let k(m) be the third derivative of -m**6/60 - m**5/20 + m**4/8 + m**3/3 + 1971*m**2. Give k(-3).
20
Let i(j) = 10*j**2 - 33*j - 21. Let z(d) = -9*d**2 + 2*d. Let g(u) = -i(u) - z(u). Give g(32).
-11
Let q(t) = 42*t - 151. Let c(o) = 23*o - 80. Let f(b) = 11*c(b) - 6*q(b). Give f(-38).
-12
Let h(l) = -l**3 + 12*l**2 - 2*l + 3. Let t(u) = -u**3 + 8*u**2 + 106*u + 19. Let p be t(-7). Calculate h(p).
-21
Let v(a) = -188 - 217 + 416 + 12*a. What is v(3)?
47
Suppose 2*f + 3 = -f. Let d(a) be the first derivative of a - 5/2*a**4 - 1/3*a**3 + 15 + 1/2*a**2. What is d(f)?
9
Let r(w) = 2*w**2 + 14*w + 14. Let i(q) = -q**2 - 9*q - 9. Let g(t) = -8*i(t) - 5*r(t). Determine g(-5).
-58
Let h = 52 + -38. Suppose 0 = -q - 2*a + a + 8, -q = 4*a - h. Let c(m) = m**3 - 6*m**2 - m + 6. What is c(q)?
0
Let w(h) = h + 1. Let l be (1 - (-4 - 22)) + -2. Let b = 32 - l. Suppose 5 = 6*k - b*k. Give w(k).
-4
Let a(h) = -27 + 53*h**2 + 51*h**2 - 7*h - 26*h + 5*h - 107*h**2. What is a(-1)?
-2
Let v = -32 - -35. Suppose 40*w - 33*w = 14. Let x(t) = 3*t + t**w + 3 + 3 - 4 - t. Give x(v).
17
Let j(w) = -w**3 - 14*w**2 - 30*w + 3. Let b be 35/(-35)*(2 - (1 - -1)) + -3. What is j(b)?
-6
Let v(d) = d**3 - d**2 + d - 13. Let w = -1 - -8. Let b = -1117 + 1123. Suppose -6*t = b*t - w*t. Give v(t).
-13
Let s(l) = -5 + 0 + 9*l - l**2 - 6. Suppose -4*b - 10 = -2, 4*h - 5*b - 22 = 0. Suppose h*x = -j + 27, 4*x - j - 34 = -5. Determine s(x).
-3
Let g(h) be the third derivative of 7*h**4/2 + 431*h**3/6 + h**2 + 2*h + 600. Give g(-5).
11
Let s(n) = -n - 13. Suppose 0 = -21*j + 10*j - 176. Let b(x) = -x**3 - 18*x**2 - 32*x - 15. Let m be b(j). Give s(m).
2
Suppose -3*h + 1182 = -3*k, -h + 0*h + 394 = -4*k. Let t = h + -395. Let l(s) = 7*s**2 - 4*s**2 + s - s**2 + 1. Give l(t).
2
Let l(z) = z + 2. Let s(m) = 6*m - 20. Let g = -221 + 225. Let a be s(g). What is l(a)?
6
Let c(n) = 24*n**3 - 31*n**2 - 16*n + 21. Let f(s) = 4*s**3 - 6*s**2 - 3*s + 4. Let w(y) = 2*c(y) - 11*f(y). Let u be 5*((-24)/5)/4. Let b = u - -4. Give w(b).
-20
Let m(b) = -b**2 - b. Let z be m(-1). Let c(k) be the third derivative of 1/60*k**5 - 2*k**2 - 60 + 0*k + 1/24*k**4 - 17/6*k**3. Calculate c(z).
-17
Suppose -5*y + 2*d + 48 = 0, 3*y - 2*d - 32 = -0*d. Let u(v) = -4 + 2*v - 2 + 0*v + 3. What is u(y)?
13
Suppose 4*k = 2*n + 68, -87*k + 84*k = 2*n - 30. Let c(s) = -3*s + 41. Calculate c(k).
-1
Let n(r) = -49*r + 40. Let l(v) = 58*v - 44. Let h(q) = -3*l(q) - 4*n(q). What is h(3)?
38
Suppose 5*s - 25 = 0, -8*s + 3*s = 2*o - 35. Let k(x) = -3*x - 11 + 107*x - 99*x. Calculate k(o).
14
Suppose 58*t = -4*u + 61*t + 46, t - 15 = -3*u. Let q(v) = 10*v - 37. Calculate q(u).
33
Let q be ((-16)/7 + 2)*28/(4/1). Let k(u) = -7*u - 6. What is k(q)?
8
Let t(q) = -7*q**2 + 4*q - 8 - 10 + q**3 + 21. What is t(6)?
-9
Let i(y) = 5*y**2 + 6*y - 11. Let d(l) = -3*l**2 - 6*l + 9. Let c(h) = -h**3 + 6*h**2 + 9*h - 12. Let f be c(7). Let s(a) = f*i(a) + 3*d(a). Calculate s(3).
-4
Let x be 5/6 + 320/(-384). Let a(y) = 638*y - 641*y + 1 + 1 + 2*y**2 + x + 16*y**2. Give a(1).
17
Let d(m) = -2*m**3 - 6*m**2 - 8*m - 3. Let c be (9/(-3))/((-3 - -9) + -5). What is d(c)?
21
Let y(d) = 6 + 5 - 3 + 2*d. Let z be y(-6). Let r(t) = -6*t - 10*t**3 - 790134*t**2 + 9*t**3 + 790129*t**2 - 1. Calculate r(z).
7
Suppose 3*z = 4*t - 33 + 9, 0 = 4*z. Let r(k) = -12*k - 2 - k + t*k. What is r(-1)?
5
Let y(d) = 0*d - 76 + 2*d + 203 - 124 - 13*d**2. Calculate y(-2).
-53
Let d(x) be the second derivative of -x**6/180 + x**5/60 - x**4/12 - x**3/2 - 3*x**2/2 + 10*x. Let k(n) be the second derivative of d(n). Determine k(4).
-26
Let y(z) = 3*z + 28. Let g be y(-6). Suppose -i - g*i - 22 = 0. Let u(x) = 2*x + 4. Determine u(i).
0
Let y(l) be the second derivative of l**5/20 - 11*l**4/12 + 5*l**3 - 17*l**2/2 - 1743*l - 1. What is y(7)?
-3
Let o = 476 - 264. Let r = o - 210. Let p(j) = -10*j - 1. Calculate p(r).
-21
Let g(r) = -r**2 - 16*r - 45. Let j be ((-30)/(-18))/(6/(-45)) + (-3)/6. Calculate g(j).
-6
Let a(o) = -9011*o - 86 + 4497*o + 4502*o. What is a(-6)?
-14
Suppose g = 3, -5*b + 5*g + 240 = -945. Suppose b*p - 243*p = 24. Let a(l) = l + 13. Determine a(p).
5
Let u(m) = 59*m + 240. Let r be u(-4). Let g(a) = -r - 9 + 20 + 15 - a. Determine g(17).
5
Let i(f) = -18*f - 13*f**2 - 23 - 15*f + 0*f**3 - 9*f + 2*f**3 + 41*f. Give i(6).
-65
Let y(c) = -c**3 - 17528*c - 4 - 32*c**2 + 17524*c + 9*c**2. Give y(-23).
88
Let n(z) = -2*z**2 + 16*z - 36. Let l(y) = 4*y**2 + 68*y + 123. Let h be l(-2). Calculate n(h).
-6
Let v(x) be the first derivative of x**5/10 + x**2/2 - 66*x - 41. Let p(l) be the first derivative of v(l). What is p(1)?
3
Let i be ((-5)/3 - -3)*3. Suppose i = -2*g + 2. Let s(k) = -257*k**2 - 1 - 277*k**2 + 525*k**2. What is s(g)?
-10
Let s(j) be the second derivative of j**5/20 + j**4/12 - 11*j**3/6 - 5*j**2 - 2794*j + 2. Give s(-4).
-14
Let z(v) be the second derivative of v**5/20 + 11*v**4/12 + 13*v**3/6 - 2*v**2 + 58*v + 12. What is z(-9)?
41
Let w be 1/2*(-4 + 10). Let t(b) = b**2 - 2 + 8*b + 3*b**2 - w*b**2. Let c(f) = -11*f**2 - 92*f + 57. Let g be c(-9). Give t(g).
-14
Let o(m) = -4 + 5 + 5 - 1 - m. Suppose -4*a = 5*s - 38 - 21, -a + 27 = 3*s. Give o(s).
-2
Let m(g) be the second derivative of -g**5/20 + 7*g**4/12 - 13*g**3/6 + 9*g**2/2 - 8*g - 37. Calculate m(5).
-6
Let t(m) = 11*m**2 + 20 - m + 85*m**3 + 245*m**3 - 329*m**3. What is t(-11)?
31
Let o(n) = -n**3 + n**2 - 3. Let z(u) = -u**3 - 2*u**2 + 44*u + 86. Let l be z(-2). Give o(l).
9
Let t(a) = 15*a + 15*a - 216 - 10*a - a + 8*a. Let d be t(8). Let r(y) = y**2 + y + 11. Give r(d).
11
Let d(u) = -u**3 + 6*u**2 - 4